{"id":988,"date":"2019-01-29T12:37:21","date_gmt":"2019-01-29T12:37:21","guid":{"rendered":"http:\/\/communio.pl\/?page_id=988"},"modified":"2019-01-29T12:37:21","modified_gmt":"2019-01-29T12:37:21","slug":"numery-amateca","status":"publish","type":"page","link":"https:\/\/communio.pl\/?page_id=988","title":{"rendered":"Numery AMATECA"},"content":{"rendered":"\n<ul><li><a href=\"https:\/\/communio.pl\/?p=1044\">Nr 22<\/a> &#8211; Cz\u0142owiek w poszukiwaniu Boga. Zagadnienia filozoficzne.   <\/li><li><a href=\"https:\/\/communio.pl\/?p=1040\">Nr 17\/1<\/a> &#8211; \u017bycie duchowe chrze\u015bcijanina   <\/li><li><a href=\"https:\/\/communio.pl\/?p=1036\">Nr 17\/2<\/a> &#8211; \u017bycie duchowe chrze\u015bcijanina wed\u0142ug \u015bw. Paw\u0142a i \u015bw. Tomasza z Akwinu   <\/li><li><a href=\"https:\/\/communio.pl\/?p=1032\">Nr 16<\/a> &#8211; Antropologia filozoficzna   <\/li><li><a href=\"https:\/\/communio.pl\/?p=1028\">Nr 15<\/a> &#8211; Osoba ludzka. Antropologia teologiczna &#8211; Angelo Scola   <\/li><li><a href=\"https:\/\/communio.pl\/?p=1024\">Nr 14<\/a> &#8211; Ko\u015bci\u00f3\u0142 w dziejach   <\/li><li><a href=\"https:\/\/communio.pl\/?p=1020\">Nr 12<\/a> &#8211; Prawo Ko\u015bcio\u0142a   <\/li><li><a href=\"https:\/\/communio.pl\/?p=1016\">Nr 11<\/a> &#8211; Duszpasterstwo Ko\u015bcio\u0142a   <\/li><li><a href=\"https:\/\/communio.pl\/?p=1012\">Nr 10<\/a> &#8211; Liturgia Ko\u015bcio\u0142a   <\/li><li><a href=\"https:\/\/communio.pl\/?p=1008\">Nr 9<\/a> &#8211; Sakramenty Ko\u015bcio\u0142a   <\/li><li><a href=\"https:\/\/communio.pl\/?p=1004\">Nr 7<\/a> &#8211; B\u00f3g zes\u0142a\u0142 Syna Swego. Chrystologia.   <\/li><li><a href=\"https:\/\/communio.pl\/?p=1000\">Nr 6<\/a> &#8211; B\u00f3g tr\u00f3jjedynej mi\u0142o\u015bci   <\/li><li><a href=\"https:\/\/communio.pl\/?p=995\">Nr 4<\/a> &#8211; B\u00f3g szuka cz\u0142owieka. Objawienie, Pismo \u015bwi\u0119te, Tradycja.   <\/li><li><a href=\"https:\/\/communio.pl\/?p=991\">Nr 3<\/a> &#8211; Cz\u0142owiek w poszukiwaniu Boga. Problem r\u00f3\u017cnych religii.    <\/li><\/ul>\n","protected":false},"excerpt":{"rendered":"<p>Nr 22 &#8211; Cz\u0142owiek w poszukiwaniu Boga. Zagadnienia filozoficzne. Nr 17\/1 &#8211; \u017bycie duchowe chrze\u015bcijanina Nr 17\/2 &#8211; \u017bycie duchowe chrze\u015bcijanina wed\u0142ug \u015bw. Paw\u0142a i \u015bw. Tomasza z Akwinu Nr 16 &#8211; Antropologia filozoficzna Nr 15 &#8211; Osoba ludzka. Antropologia teologiczna &#8211; Angelo Scola Nr 14 &#8211; Ko\u015bci\u00f3\u0142 w dziejach Nr 12 &#8211; Prawo Ko\u015bcio\u0142a &hellip; <a href=\"https:\/\/communio.pl\/?page_id=988\" class=\"more-link\">Czytaj dalej<span class=\"screen-reader-text\"> Numery AMATECA<\/span><\/a><\/p>\n","protected":false},"author":1,"featured_media":0,"parent":0,"menu_order":0,"comment_status":"closed","ping_status":"closed","template":"","meta":[],"_links":{"self":[{"href":"https:\/\/communio.pl\/index.php?rest_route=\/wp\/v2\/pages\/988"}],"collection":[{"href":"https:\/\/communio.pl\/index.php?rest_route=\/wp\/v2\/pages"}],"about":[{"href":"https:\/\/communio.pl\/index.php?rest_route=\/wp\/v2\/types\/page"}],"author":[{"embeddable":true,"href":"https:\/\/communio.pl\/index.php?rest_route=\/wp\/v2\/users\/1"}],"replies":[{"embeddable":true,"href":"https:\/\/communio.pl\/index.php?rest_route=%2Fwp%2Fv2%2Fcomments&post=988"}],"version-history":[{"count":0,"href":"https:\/\/communio.pl\/index.php?rest_route=\/wp\/v2\/pages\/988\/revisions"}],"wp:attachment":[{"href":"https:\/\/communio.pl\/index.php?rest_route=%2Fwp%2Fv2%2Fmedia&parent=988"}],"curies":[{"name":"wp","href":"https:\/\/api.w.org\/{rel}","templated":true}]}}