{"id":118,"date":"2019-01-21T13:34:25","date_gmt":"2019-01-21T13:34:25","guid":{"rendered":"http:\/\/communio.pl\/?page_id=118"},"modified":"2024-08-08T08:29:02","modified_gmt":"2024-08-08T08:29:02","slug":"w-ostatnim-numerze","status":"publish","type":"page","link":"https:\/\/communio.pl\/","title":{"rendered":"e-Communio"},"content":{"rendered":"\n<h2><strong>Serdecznie zapraszamy do internetowego spotkania <\/strong> <br><strong>z Mi\u0119dzynarodowym Przegl\u0105dem Teologicznym <\/strong><br><strong>Communio (<span style=\"color:#de2408\" class=\"has-inline-color\">ISSN 0208-7995<\/span>).<\/strong> <\/h2>\n\n\n\n<p>Najwybitniejsi teologowie, inspiratorzy i uczestnicy Soboru Watyka\u0144skiego II za\u0142o\u017cyli w roku 1965 mi\u0119dzynarodowy przegl\u0105d teologiczny &#8211; Concilium. Z biegiem lat Concilium sta\u0142o si\u0119 bardzo radykalne ulegaj\u0105c wp\u0142ywom teologii wyzwolenia i oscyluj\u0105c na granicy ortodoksji. W \u0142onie Concilium nast\u0105pi\u0142 rozdzia\u0142 i cz\u0119\u015b\u0107 teolog\u00f3w o umiarkowanych pogl\u0105dach zawi\u0105za\u0142a nowy komitet redakcyjny na czele z H. Urs von Balthasarem, J.Ratzingerem oraz H. de Lubac. W ten spos\u00f3b w roku 1972 ukaza\u0142 si\u0119 nowy Mi\u0119dzynarodowy Przegl\u0105d Teologiczny &#8211; Communio &#8211; z podstawowym has\u0142em: jedno\u015b\u0107 w wielo\u015bci.<br>Czasopismo ukazuje si\u0119 obecnie w 15 edycjach narodowych i klikunastu wersjach j\u0119zykowych. W Polsce wielkim or\u0119downikiem Communio by\u0142 kardyna\u0142 Karol Wojty\u0142a, kt\u00f3ry zleci\u0142 jego wydawanie Pallottinum. Pierwszy numer ukaza\u0142 si\u0119 w roku 1981 i jest wydawany do dzi\u015b.<br>Po 25-latach obecno\u015bci w Polsce Communio pragnie nadal przybli\u017ca\u0107 aktualne problemy i pytania teologii, szukaj\u0105c na nie odpowiedzi w perspektywie wiary, zawsze za\u015b opieraj\u0105c si\u0119 na fundamencie, jakim jest prawda.<\/p>\n\n\n\n<h2 class=\"editor-rich-text__tinymce mce-content-body\" id=\"mce_6\"><span style=\"color: #ff0000;\">W najnowszym numerze Communio:<\/span><\/h2>\n\n\n\n<h2>(NR 224) <\/h2>\n\n\n\n<h2>STRACH<\/h2>\n\n\n\n<ul>\n<li><a href=\"https:\/\/communio.pl\/?p=2027\">Ludger SCHWIENHORST-SCH\u00d6NBERGER, Strach i odwaga w Biblii<\/a><\/li>\n\n\n\n<li><a href=\"https:\/\/communio.pl\/?p=2030\">Hans Joachim H\u00d6HN, Bez paniki? Kalejdoskop spo\u0142ecze\u0144stwa w strach<\/a><\/li>\n\n\n\n<li><a href=\"https:\/\/communio.pl\/?p=2035\">Ks. Joachim NEGEL, Niepewne oczekiwanie. Strach przed rzeczami ostatecznymi<\/a><\/li>\n\n\n\n<li><a href=\"https:\/\/communio.pl\/?p=2039\">Ks. \u0141ukasz SKWORZEC, Kontekst teologiczno-doktrynalny dialogu chrze\u015bcija\u0144stwa<\/a><\/li>\n\n\n\n<li><a href=\"https:\/\/communio.pl\/?p=2042\">Paul Colrat, Zdrowy strach<\/a><\/li>\n\n\n\n<li><a href=\"https:\/\/communio.pl\/?p=2045\">Ks. Christoph JACOBS, Wyj\u015bcie to droga przez<\/a><\/li>\n<\/ul>\n","protected":false},"excerpt":{"rendered":"<p>Serdecznie zapraszamy do internetowego spotkania z Mi\u0119dzynarodowym Przegl\u0105dem Teologicznym Communio (ISSN 0208-7995). Najwybitniejsi teologowie, inspiratorzy i uczestnicy Soboru Watyka\u0144skiego II za\u0142o\u017cyli w roku 1965 mi\u0119dzynarodowy przegl\u0105d teologiczny &#8211; Concilium. Z biegiem lat Concilium sta\u0142o si\u0119 bardzo radykalne ulegaj\u0105c wp\u0142ywom teologii wyzwolenia i oscyluj\u0105c na granicy ortodoksji. W \u0142onie Concilium nast\u0105pi\u0142 rozdzia\u0142 i cz\u0119\u015b\u0107 teolog\u00f3w o &hellip; <a href=\"https:\/\/communio.pl\/\" class=\"more-link\">Czytaj dalej<span class=\"screen-reader-text\"> e-Communio<\/span><\/a><\/p>\n","protected":false},"author":1,"featured_media":0,"parent":0,"menu_order":0,"comment_status":"closed","ping_status":"closed","template":"","meta":[],"_links":{"self":[{"href":"https:\/\/communio.pl\/index.php?rest_route=\/wp\/v2\/pages\/118"}],"collection":[{"href":"https:\/\/communio.pl\/index.php?rest_route=\/wp\/v2\/pages"}],"about":[{"href":"https:\/\/communio.pl\/index.php?rest_route=\/wp\/v2\/types\/page"}],"author":[{"embeddable":true,"href":"https:\/\/communio.pl\/index.php?rest_route=\/wp\/v2\/users\/1"}],"replies":[{"embeddable":true,"href":"https:\/\/communio.pl\/index.php?rest_route=%2Fwp%2Fv2%2Fcomments&post=118"}],"version-history":[{"count":16,"href":"https:\/\/communio.pl\/index.php?rest_route=\/wp\/v2\/pages\/118\/revisions"}],"predecessor-version":[{"id":2062,"href":"https:\/\/communio.pl\/index.php?rest_route=\/wp\/v2\/pages\/118\/revisions\/2062"}],"wp:attachment":[{"href":"https:\/\/communio.pl\/index.php?rest_route=%2Fwp%2Fv2%2Fmedia&parent=118"}],"curies":[{"name":"wp","href":"https:\/\/api.w.org\/{rel}","templated":true}]}}

<h2><strong>Serdecznie zapraszamy do internetowego spotkania </strong> <br><strong>z Międzynarodowym Przeglądem Teologicznym </strong><br><strong>Communio (<span style="color:#de2408" class="has-inline-color">ISSN 0208-7995</span>).</strong> </h2>



<p>Najwybitniejsi teologowie, inspiratorzy i uczestnicy Soboru Watykańskiego II założyli w roku 1965 międzynarodowy przegląd teologiczny &#8211; Concilium. Z biegiem lat Concilium stało się bardzo radykalne ulegając wpływom teologii wyzwolenia i oscylując na granicy ortodoksji. W łonie Concilium nastąpił rozdział i część teologów o umiarkowanych poglądach zawiązała nowy komitet redakcyjny na czele z H. Urs von Balthasarem, J.Ratzingerem oraz H. de Lubac. W ten sposób w roku 1972 ukazał się nowy Międzynarodowy Przegląd Teologiczny &#8211; Communio &#8211; z podstawowym hasłem: jedność w wielości.<br>Czasopismo ukazuje się obecnie w 15 edycjach narodowych i klikunastu wersjach językowych. W Polsce wielkim orędownikiem Communio był kardynał Karol Wojtyła, który zlecił jego wydawanie Pallottinum. Pierwszy numer ukazał się w roku 1981 i jest wydawany do dziś.<br>Po 25-latach obecności w Polsce Communio pragnie nadal przybliżać aktualne problemy i pytania teologii, szukając na nie odpowiedzi w perspektywie wiary, zawsze zaś opierając się na fundamencie, jakim jest prawda.</p>



<h2 class="editor-rich-text__tinymce mce-content-body" id="mce_6"><span style="color: #ff0000;">W najnowszym numerze Communio:</span></h2>



<h2>(NR 224) </h2>



<h2>STRACH</h2>



<ul>
<li><a href="https://communio.pl/?p=2027">Ludger SCHWIENHORST-SCHÖNBERGER, Strach i odwaga w Biblii</a></li>



<li><a href="https://communio.pl/?p=2030">Hans Joachim HÖHN, Bez paniki? Kalejdoskop społeczeństwa w strach</a></li>



<li><a href="https://communio.pl/?p=2035">Ks. Joachim NEGEL, Niepewne oczekiwanie. Strach przed rzeczami ostatecznymi</a></li>



<li><a href="https://communio.pl/?p=2039">Ks. Łukasz SKWORZEC, Kontekst teologiczno-doktrynalny dialogu chrześcijaństwa</a></li>



<li><a href="https://communio.pl/?p=2042">Paul Colrat, Zdrowy strach</a></li>



<li><a href="https://communio.pl/?p=2045">Ks. Christoph JACOBS, Wyjście to droga przez</a></li>
</ul>

<p>Serdecznie zapraszamy do internetowego spotkania z Międzynarodowym Przeglądem Teologicznym Communio (ISSN 0208-7995). Najwybitniejsi teologowie, inspiratorzy i uczestnicy Soboru Watykańskiego II założyli w roku 1965 międzynarodowy przegląd teologiczny &#8211; Concilium. Z biegiem lat Concilium stało się bardzo radykalne ulegając wpływom teologii wyzwolenia i oscylując na granicy ortodoksji. W łonie Concilium nastąpił rozdział i część teologów o &hellip; <a href="https://communio.pl/" class="more-link">Czytaj dalej<span class="screen-reader-text"> e-Communio</span></a></p>
